{"id":1636,"date":"2022-06-16T19:11:02","date_gmt":"2022-06-16T17:11:02","guid":{"rendered":"https:\/\/d-avoir-trop-trinque-ma-vie-s-est-arretee.com\/?page_id=1636"},"modified":"2022-06-16T19:20:39","modified_gmt":"2022-06-16T17:20:39","slug":"la-4eme-de-couv","status":"publish","type":"page","link":"https:\/\/d-avoir-trop-trinque-ma-vie-s-est-arretee.com\/index.php\/la-4eme-de-couv\/","title":{"rendered":"LA 4\u00c8ME DE COUV"},"content":{"rendered":"\t\t<div data-elementor-type=\"wp-page\" data-elementor-id=\"1636\" class=\"elementor elementor-1636\">\n\t\t\t\t\t\t\t\t\t<section class=\"elementor-section elementor-top-section elementor-element elementor-element-c59c766 elementor-section-boxed elementor-section-height-default elementor-section-height-default\" data-id=\"c59c766\" data-element_type=\"section\">\n\t\t\t\t\t\t<div class=\"elementor-container elementor-column-gap-default\">\n\t\t\t\t\t<div class=\"elementor-column elementor-col-100 elementor-top-column elementor-element elementor-element-e2bea83\" data-id=\"e2bea83\" data-element_type=\"column\">\n\t\t\t<div class=\"elementor-widget-wrap elementor-element-populated\">\n\t\t\t\t\t\t\t\t<div class=\"elementor-element elementor-element-e4fc3dc elementor-widget elementor-widget-heading\" data-id=\"e4fc3dc\" data-element_type=\"widget\" data-widget_type=\"heading.default\">\n\t\t\t\t<div class=\"elementor-widget-container\">\n\t\t\t<style>\/*! elementor - v3.6.6 - 08-06-2022 *\/\n.elementor-heading-title{padding:0;margin:0;line-height:1}.elementor-widget-heading .elementor-heading-title[class*=elementor-size-]>a{color:inherit;font-size:inherit;line-height:inherit}.elementor-widget-heading .elementor-heading-title.elementor-size-small{font-size:15px}.elementor-widget-heading .elementor-heading-title.elementor-size-medium{font-size:19px}.elementor-widget-heading .elementor-heading-title.elementor-size-large{font-size:29px}.elementor-widget-heading .elementor-heading-title.elementor-size-xl{font-size:39px}.elementor-widget-heading .elementor-heading-title.elementor-size-xxl{font-size:59px}<\/style><h2 class=\"elementor-heading-title elementor-size-default\">LA 4\u00e8me de couv<\/h2>\t\t<\/div>\n\t\t\t\t<\/div>\n\t\t\t\t\t<\/div>\n\t\t<\/div>\n\t\t\t\t\t\t\t<\/div>\n\t\t<\/section>\n\t\t\t\t<section class=\"elementor-section elementor-top-section elementor-element elementor-element-a8891c7 elementor-section-boxed elementor-section-height-default elementor-section-height-default\" data-id=\"a8891c7\" data-element_type=\"section\">\n\t\t\t\t\t\t<div class=\"elementor-container elementor-column-gap-default\">\n\t\t\t\t\t<div class=\"elementor-column elementor-col-50 elementor-top-column elementor-element elementor-element-d6c58a1\" data-id=\"d6c58a1\" data-element_type=\"column\">\n\t\t\t<div class=\"elementor-widget-wrap elementor-element-populated\">\n\t\t\t\t\t\t\t\t<div class=\"elementor-element elementor-element-2ed75a5 elementor-widget elementor-widget-image\" data-id=\"2ed75a5\" data-element_type=\"widget\" data-widget_type=\"image.default\">\n\t\t\t\t<div class=\"elementor-widget-container\">\n\t\t\t<style>\/*! elementor - v3.6.6 - 08-06-2022 *\/\n.elementor-widget-image{text-align:center}.elementor-widget-image a{display:inline-block}.elementor-widget-image a img[src$=\".svg\"]{width:48px}.elementor-widget-image img{vertical-align:middle;display:inline-block}<\/style>\t\t\t\t\t\t\t\t\t\t\t\t<img width=\"764\" height=\"1024\" src=\"https:\/\/d-avoir-trop-trinque-ma-vie-s-est-arretee.com\/wp-content\/uploads\/2020\/10\/couverture_bapt-764x1024.jpg\" class=\"attachment-large size-large\" alt=\"\" loading=\"lazy\" srcset=\"https:\/\/d-avoir-trop-trinque-ma-vie-s-est-arretee.com\/wp-content\/uploads\/2020\/10\/couverture_bapt-764x1024.jpg 764w, https:\/\/d-avoir-trop-trinque-ma-vie-s-est-arretee.com\/wp-content\/uploads\/2020\/10\/couverture_bapt-scaled-600x805.jpg 600w, https:\/\/d-avoir-trop-trinque-ma-vie-s-est-arretee.com\/wp-content\/uploads\/2020\/10\/couverture_bapt-224x300.jpg 224w, https:\/\/d-avoir-trop-trinque-ma-vie-s-est-arretee.com\/wp-content\/uploads\/2020\/10\/couverture_bapt-768x1030.jpg 768w, https:\/\/d-avoir-trop-trinque-ma-vie-s-est-arretee.com\/wp-content\/uploads\/2020\/10\/couverture_bapt-1145x1536.jpg 1145w, https:\/\/d-avoir-trop-trinque-ma-vie-s-est-arretee.com\/wp-content\/uploads\/2020\/10\/couverture_bapt-1527x2048.jpg 1527w, https:\/\/d-avoir-trop-trinque-ma-vie-s-est-arretee.com\/wp-content\/uploads\/2020\/10\/couverture_bapt-86x116.jpg 86w, https:\/\/d-avoir-trop-trinque-ma-vie-s-est-arretee.com\/wp-content\/uploads\/2020\/10\/couverture_bapt-scaled.jpg 1909w\" sizes=\"(max-width: 764px) 100vw, 764px\" \/>\t\t\t\t\t\t\t\t\t\t\t\t\t\t\t<\/div>\n\t\t\t\t<\/div>\n\t\t\t\t\t<\/div>\n\t\t<\/div>\n\t\t\t\t<div class=\"elementor-column elementor-col-50 elementor-top-column elementor-element elementor-element-7b5a2c0\" data-id=\"7b5a2c0\" data-element_type=\"column\">\n\t\t\t<div class=\"elementor-widget-wrap elementor-element-populated\">\n\t\t\t\t\t\t\t\t<div class=\"elementor-element elementor-element-aabbcaa elementor-widget elementor-widget-text-editor\" data-id=\"aabbcaa\" data-element_type=\"widget\" data-widget_type=\"text-editor.default\">\n\t\t\t\t<div class=\"elementor-widget-container\">\n\t\t\t<style>\/*! elementor - v3.6.6 - 08-06-2022 *\/\n.elementor-widget-text-editor.elementor-drop-cap-view-stacked .elementor-drop-cap{background-color:#818a91;color:#fff}.elementor-widget-text-editor.elementor-drop-cap-view-framed .elementor-drop-cap{color:#818a91;border:3px solid;background-color:transparent}.elementor-widget-text-editor:not(.elementor-drop-cap-view-default) .elementor-drop-cap{margin-top:8px}.elementor-widget-text-editor:not(.elementor-drop-cap-view-default) .elementor-drop-cap-letter{width:1em;height:1em}.elementor-widget-text-editor .elementor-drop-cap{float:left;text-align:center;line-height:1;font-size:50px}.elementor-widget-text-editor .elementor-drop-cap-letter{display:inline-block}<\/style>\t\t\t\t<p><strong>Coups du sort, coups dans le coeur, coups dans le corps ! Vous savez quand \u00e7a commence, pas quand \u00e7a s\u2019arr\u00eate. Cette lecture laissera des traces ind\u00e9l\u00e9biles !<\/strong><\/p><p>\u00c7a, on peut dire qu\u2019il est g\u00e2t\u00e9 Baptiste! Une g\u00e9mellit\u00e9 parfois encombrante\u2026 Un milieu social codifi\u00e9\u2026 Un avenir tout trac\u00e9 pas d\u00e9sir\u00e9\u2026 Un arrachement \u00e0 son enfance anglaise\u2026 Une carri\u00e8re manqu\u00e9e dans le foot professionnel\u2026 Des morts \u00e0 la pelle\u2026 Un trop plein d\u2019\u00e9motions impossible \u00e0 g\u00e9rer pour cet adolescent qui choisit de se r\u00e9fugier dans l\u2019alcool.<\/p><p>Consomm\u00e9 \u00e0 outrance d\u00e8s ses quinze ans, c\u2019est le seul bouclier capable de lui donner l\u2019\u00e9nergie d\u2019\u00eatre un Super-Baptiste. Un \u00eatre dr\u00f4le, beau et factice, dot\u00e9 de tous les pouvoirs, croit-il ! Sauf que des ann\u00e9es durant, l\u2019alcool an\u00e9anti tout sur son passage laissant Baptiste devenir le pantin de lui-m\u00eame.<\/p><p>D\u00e9sarticul\u00e9 par des beuveries monstrueuses, s\u2019encha\u00eenent chagrins, humiliations et mensonges jusqu\u2019\u00e0 la cuite historique, celle de la question essentielle face \u00e0 la peur de vivre : boire \u00e0 en mourir ou mourir de ne pas boire ?<\/p><p>C\u00e9sar, Yar\u00e9, Jack, JP, Shakti, Vincent, Marin, Isabelle\u2026 chacun de ces personnages r\u00e9els ou fictifs va peser de tout son poids dans la d\u00e9cision de Baptiste\u2026 Tiraill\u00e9 par leurs oppositions, comment va t-il prendre sa d\u00e9cision ?\u00a0Ce t\u00e9moignage unique en son genre sort le lecteur de sa zone de confort et le laisse \u00e0 vif !<\/p><p><em>Pur, brut et sans fioriture, D\u2019avoir trop trinqu\u00e9 ma vie s\u2019est arr\u00eat\u00e9e est passionnant, d\u00e9routant, bouleversant, d\u00e9rangeant et troublant. Un livre \u00e0 traduire dans toutes les langues o\u00f9 l\u2019on boit !<\/em><\/p>\t\t\t\t\t\t<\/div>\n\t\t\t\t<\/div>\n\t\t\t\t\t<\/div>\n\t\t<\/div>\n\t\t\t\t\t\t\t<\/div>\n\t\t<\/section>\n\t\t\t\t\t\t\t<\/div>\n\t\t","protected":false},"excerpt":{"rendered":"<p>LA 4\u00e8me de couv Coups du sort, coups dans le coeur, coups dans le corps ! Vous savez quand \u00e7a commence, pas quand \u00e7a s\u2019arr\u00eate. Cette lecture laissera des traces ind\u00e9l\u00e9biles ! \u00c7a, on peut dire qu\u2019il est g\u00e2t\u00e9 Baptiste! Une g\u00e9mellit\u00e9 parfois encombrante\u2026 Un milieu social codifi\u00e9\u2026 Un avenir tout trac\u00e9 pas d\u00e9sir\u00e9\u2026 Un [&hellip;]<\/p>\n","protected":false},"author":5,"featured_media":0,"parent":0,"menu_order":0,"comment_status":"closed","ping_status":"closed","template":"elementor_header_footer","meta":[],"yoast_head":"<!-- This site is optimized with the Yoast SEO plugin v19.14 - https:\/\/yoast.com\/wordpress\/plugins\/seo\/ -->\n<title>LA 4\u00c8ME DE COUV - D&#039;avoir trop trinqu\u00e9 ma vie s&#039;est arr\u00eat\u00e9e - Baptiste Mulliez &amp; Judith Lossmann<\/title>\n<meta name=\"robots\" content=\"index, follow, max-snippet:-1, max-image-preview:large, max-video-preview:-1\" \/>\n<link rel=\"canonical\" href=\"https:\/\/d-avoir-trop-trinque-ma-vie-s-est-arretee.com\/index.php\/la-4eme-de-couv\/\" \/>\n<meta property=\"og:locale\" content=\"fr_FR\" \/>\n<meta property=\"og:type\" content=\"article\" \/>\n<meta property=\"og:title\" content=\"LA 4\u00c8ME DE COUV - D&#039;avoir trop trinqu\u00e9 ma vie s&#039;est arr\u00eat\u00e9e - Baptiste Mulliez &amp; Judith Lossmann\" \/>\n<meta property=\"og:description\" content=\"LA 4\u00e8me de couv Coups du sort, coups dans le coeur, coups dans le corps ! Vous savez quand \u00e7a commence, pas quand \u00e7a s\u2019arr\u00eate. Cette lecture laissera des traces ind\u00e9l\u00e9biles ! \u00c7a, on peut dire qu\u2019il est g\u00e2t\u00e9 Baptiste! Une g\u00e9mellit\u00e9 parfois encombrante\u2026 Un milieu social codifi\u00e9\u2026 Un avenir tout trac\u00e9 pas d\u00e9sir\u00e9\u2026 Un [&hellip;]\" \/>\n<meta property=\"og:url\" content=\"https:\/\/d-avoir-trop-trinque-ma-vie-s-est-arretee.com\/index.php\/la-4eme-de-couv\/\" \/>\n<meta property=\"og:site_name\" content=\"D&#039;avoir trop trinqu\u00e9 ma vie s&#039;est arr\u00eat\u00e9e - Baptiste Mulliez &amp; Judith Lossmann\" \/>\n<meta property=\"article:modified_time\" content=\"2022-06-16T17:20:39+00:00\" \/>\n<meta property=\"og:image\" content=\"https:\/\/d-avoir-trop-trinque-ma-vie-s-est-arretee.com\/wp-content\/uploads\/2020\/10\/couverture_bapt-764x1024.jpg\" \/>\n<meta name=\"twitter:card\" content=\"summary_large_image\" \/>\n<meta name=\"twitter:label1\" content=\"Dur\u00e9e de lecture estim\u00e9e\" \/>\n\t<meta name=\"twitter:data1\" content=\"2 minutes\" \/>\n<script type=\"application\/ld+json\" class=\"yoast-schema-graph\">{\"@context\":\"https:\/\/schema.org\",\"@graph\":[{\"@type\":\"WebPage\",\"@id\":\"https:\/\/d-avoir-trop-trinque-ma-vie-s-est-arretee.com\/index.php\/la-4eme-de-couv\/\",\"url\":\"https:\/\/d-avoir-trop-trinque-ma-vie-s-est-arretee.com\/index.php\/la-4eme-de-couv\/\",\"name\":\"LA 4\u00c8ME DE COUV - D&#039;avoir trop trinqu\u00e9 ma vie s&#039;est arr\u00eat\u00e9e - Baptiste Mulliez &amp; Judith Lossmann\",\"isPartOf\":{\"@id\":\"https:\/\/d-avoir-trop-trinque-ma-vie-s-est-arretee.com\/#website\"},\"datePublished\":\"2022-06-16T17:11:02+00:00\",\"dateModified\":\"2022-06-16T17:20:39+00:00\",\"breadcrumb\":{\"@id\":\"https:\/\/d-avoir-trop-trinque-ma-vie-s-est-arretee.com\/index.php\/la-4eme-de-couv\/#breadcrumb\"},\"inLanguage\":\"fr-FR\",\"potentialAction\":[{\"@type\":\"ReadAction\",\"target\":[\"https:\/\/d-avoir-trop-trinque-ma-vie-s-est-arretee.com\/index.php\/la-4eme-de-couv\/\"]}]},{\"@type\":\"BreadcrumbList\",\"@id\":\"https:\/\/d-avoir-trop-trinque-ma-vie-s-est-arretee.com\/index.php\/la-4eme-de-couv\/#breadcrumb\",\"itemListElement\":[{\"@type\":\"ListItem\",\"position\":1,\"name\":\"Accueil\",\"item\":\"https:\/\/d-avoir-trop-trinque-ma-vie-s-est-arretee.com\/\"},{\"@type\":\"ListItem\",\"position\":2,\"name\":\"LA 4\u00c8ME DE COUV\"}]},{\"@type\":\"WebSite\",\"@id\":\"https:\/\/d-avoir-trop-trinque-ma-vie-s-est-arretee.com\/#website\",\"url\":\"https:\/\/d-avoir-trop-trinque-ma-vie-s-est-arretee.com\/\",\"name\":\"D&#039;avoir trop trinqu\u00e9 ma vie s&#039;est arr\u00eat\u00e9e - Baptiste Mulliez &amp; Judith Lossmann\",\"description\":\"\",\"potentialAction\":[{\"@type\":\"SearchAction\",\"target\":{\"@type\":\"EntryPoint\",\"urlTemplate\":\"https:\/\/d-avoir-trop-trinque-ma-vie-s-est-arretee.com\/?s={search_term_string}\"},\"query-input\":\"required name=search_term_string\"}],\"inLanguage\":\"fr-FR\"}]}<\/script>\n<!-- \/ Yoast SEO plugin. -->","yoast_head_json":{"title":"LA 4\u00c8ME DE COUV - D&#039;avoir trop trinqu\u00e9 ma vie s&#039;est arr\u00eat\u00e9e - Baptiste Mulliez &amp; Judith Lossmann","robots":{"index":"index","follow":"follow","max-snippet":"max-snippet:-1","max-image-preview":"max-image-preview:large","max-video-preview":"max-video-preview:-1"},"canonical":"https:\/\/d-avoir-trop-trinque-ma-vie-s-est-arretee.com\/index.php\/la-4eme-de-couv\/","og_locale":"fr_FR","og_type":"article","og_title":"LA 4\u00c8ME DE COUV - D&#039;avoir trop trinqu\u00e9 ma vie s&#039;est arr\u00eat\u00e9e - Baptiste Mulliez &amp; Judith Lossmann","og_description":"LA 4\u00e8me de couv Coups du sort, coups dans le coeur, coups dans le corps ! Vous savez quand \u00e7a commence, pas quand \u00e7a s\u2019arr\u00eate. Cette lecture laissera des traces ind\u00e9l\u00e9biles ! \u00c7a, on peut dire qu\u2019il est g\u00e2t\u00e9 Baptiste! Une g\u00e9mellit\u00e9 parfois encombrante\u2026 Un milieu social codifi\u00e9\u2026 Un avenir tout trac\u00e9 pas d\u00e9sir\u00e9\u2026 Un [&hellip;]","og_url":"https:\/\/d-avoir-trop-trinque-ma-vie-s-est-arretee.com\/index.php\/la-4eme-de-couv\/","og_site_name":"D&#039;avoir trop trinqu\u00e9 ma vie s&#039;est arr\u00eat\u00e9e - Baptiste Mulliez &amp; Judith Lossmann","article_modified_time":"2022-06-16T17:20:39+00:00","og_image":[{"url":"https:\/\/d-avoir-trop-trinque-ma-vie-s-est-arretee.com\/wp-content\/uploads\/2020\/10\/couverture_bapt-764x1024.jpg"}],"twitter_card":"summary_large_image","twitter_misc":{"Dur\u00e9e de lecture estim\u00e9e":"2 minutes"},"schema":{"@context":"https:\/\/schema.org","@graph":[{"@type":"WebPage","@id":"https:\/\/d-avoir-trop-trinque-ma-vie-s-est-arretee.com\/index.php\/la-4eme-de-couv\/","url":"https:\/\/d-avoir-trop-trinque-ma-vie-s-est-arretee.com\/index.php\/la-4eme-de-couv\/","name":"LA 4\u00c8ME DE COUV - D&#039;avoir trop trinqu\u00e9 ma vie s&#039;est arr\u00eat\u00e9e - Baptiste Mulliez &amp; Judith Lossmann","isPartOf":{"@id":"https:\/\/d-avoir-trop-trinque-ma-vie-s-est-arretee.com\/#website"},"datePublished":"2022-06-16T17:11:02+00:00","dateModified":"2022-06-16T17:20:39+00:00","breadcrumb":{"@id":"https:\/\/d-avoir-trop-trinque-ma-vie-s-est-arretee.com\/index.php\/la-4eme-de-couv\/#breadcrumb"},"inLanguage":"fr-FR","potentialAction":[{"@type":"ReadAction","target":["https:\/\/d-avoir-trop-trinque-ma-vie-s-est-arretee.com\/index.php\/la-4eme-de-couv\/"]}]},{"@type":"BreadcrumbList","@id":"https:\/\/d-avoir-trop-trinque-ma-vie-s-est-arretee.com\/index.php\/la-4eme-de-couv\/#breadcrumb","itemListElement":[{"@type":"ListItem","position":1,"name":"Accueil","item":"https:\/\/d-avoir-trop-trinque-ma-vie-s-est-arretee.com\/"},{"@type":"ListItem","position":2,"name":"LA 4\u00c8ME DE COUV"}]},{"@type":"WebSite","@id":"https:\/\/d-avoir-trop-trinque-ma-vie-s-est-arretee.com\/#website","url":"https:\/\/d-avoir-trop-trinque-ma-vie-s-est-arretee.com\/","name":"D&#039;avoir trop trinqu\u00e9 ma vie s&#039;est arr\u00eat\u00e9e - Baptiste Mulliez &amp; Judith Lossmann","description":"","potentialAction":[{"@type":"SearchAction","target":{"@type":"EntryPoint","urlTemplate":"https:\/\/d-avoir-trop-trinque-ma-vie-s-est-arretee.com\/?s={search_term_string}"},"query-input":"required name=search_term_string"}],"inLanguage":"fr-FR"}]}},"_links":{"self":[{"href":"https:\/\/d-avoir-trop-trinque-ma-vie-s-est-arretee.com\/index.php\/wp-json\/wp\/v2\/pages\/1636"}],"collection":[{"href":"https:\/\/d-avoir-trop-trinque-ma-vie-s-est-arretee.com\/index.php\/wp-json\/wp\/v2\/pages"}],"about":[{"href":"https:\/\/d-avoir-trop-trinque-ma-vie-s-est-arretee.com\/index.php\/wp-json\/wp\/v2\/types\/page"}],"author":[{"embeddable":true,"href":"https:\/\/d-avoir-trop-trinque-ma-vie-s-est-arretee.com\/index.php\/wp-json\/wp\/v2\/users\/5"}],"replies":[{"embeddable":true,"href":"https:\/\/d-avoir-trop-trinque-ma-vie-s-est-arretee.com\/index.php\/wp-json\/wp\/v2\/comments?post=1636"}],"version-history":[{"count":14,"href":"https:\/\/d-avoir-trop-trinque-ma-vie-s-est-arretee.com\/index.php\/wp-json\/wp\/v2\/pages\/1636\/revisions"}],"predecessor-version":[{"id":2643,"href":"https:\/\/d-avoir-trop-trinque-ma-vie-s-est-arretee.com\/index.php\/wp-json\/wp\/v2\/pages\/1636\/revisions\/2643"}],"wp:attachment":[{"href":"https:\/\/d-avoir-trop-trinque-ma-vie-s-est-arretee.com\/index.php\/wp-json\/wp\/v2\/media?parent=1636"}],"curies":[{"name":"wp","href":"https:\/\/api.w.org\/{rel}","templated":true}]}}