{"id":179,"date":"2020-10-27T17:09:25","date_gmt":"2020-10-27T16:09:25","guid":{"rendered":"http:\/\/d-avoir-trop-trinque-ma-vie-s-est-arretee.com\/?page_id=179"},"modified":"2021-09-02T11:06:20","modified_gmt":"2021-09-02T09:06:20","slug":"la-4-de-couv","status":"publish","type":"page","link":"https:\/\/d-avoir-trop-trinque-ma-vie-s-est-arretee.com\/index.php\/front-page\/la-4-de-couv\/","title":{"rendered":"LA 4\u00e8me DE COUV"},"content":{"rendered":"<figure id=\"attachment_102\" aria-describedby=\"caption-attachment-102\" style=\"width: 400px\" class=\"wp-caption alignleft\"><img loading=\"lazy\" class=\"wp-image-102\" src=\"http:\/\/d-avoir-trop-trinque-ma-vie-s-est-arretee.com\/wp-content\/uploads\/2020\/10\/couv-d-avoirhd-694x1024.jpg\" alt=\"\" width=\"400\" height=\"590\" \/><figcaption id=\"caption-attachment-102\" class=\"wp-caption-text\">D&rsquo;avoir trop trinqu\u00e9 ma vie s&rsquo;est arr\u00eat\u00e9e<\/figcaption><\/figure>\n<p><strong>Coups du sort, coups dans le coeur, coups dans le corps ! Vous savez quand \u00e7a commence, pas quand \u00e7a s\u2019arr\u00eate. Cette lecture laissera des traces ind\u00e9l\u00e9biles !<\/strong><\/p>\n<p>\u00c7a, on peut dire qu&rsquo;il est g\u00e2t\u00e9 Baptiste! Une g\u00e9mellit\u00e9 parfois encombrante\u2026 Un milieu social codifi\u00e9\u2026 Un avenir tout trac\u00e9 pas d\u00e9sir\u00e9\u2026 Un arrachement \u00e0 son enfance anglaise\u2026 Une carri\u00e8re manqu\u00e9e dans le foot professionnel\u2026 Des morts \u00e0 la pelle\u2026 Un trop plein d&rsquo;\u00e9motions impossible \u00e0 g\u00e9rer pour cet adolescent qui choisit de se r\u00e9fugier dans l&rsquo;alcool.<\/p>\n<p>Consomm\u00e9 \u00e0 outrance d\u00e8s ses quinze ans, c&rsquo;est le seul bouclier capable de lui donner l&rsquo;\u00e9nergie d&rsquo;\u00eatre un Super-Baptiste. Un \u00eatre dr\u00f4le, beau et factice, dot\u00e9 de tous les pouvoirs, croit-il ! Sauf que des ann\u00e9es durant, l&rsquo;alcool an\u00e9anti tout sur son passage laissant Baptiste devenir le pantin de lui-m\u00eame.<\/p>\n<p>D\u00e9sarticul\u00e9 par des beuveries monstrueuses, s&rsquo;encha\u00eenent chagrins, humiliations et mensonges jusqu&rsquo;\u00e0 la cuite historique, celle de la question essentielle face \u00e0 la peur de vivre : boire \u00e0 en mourir ou mourir de ne pas boire ?<\/p>\n<p>C\u00e9sar, Yar\u00e9, Jack, JP, Shakti, Vincent, Marin, Isabelle\u2026 chacun de ces personnages r\u00e9els ou fictifs va peser de tout son poids dans la d\u00e9cision de Baptiste\u2026 Tiraill\u00e9 par leurs oppositions, comment va t-il prendre sa d\u00e9cision ?\u00a0Ce t\u00e9moignage unique en son genre sort le lecteur de sa zone de confort et le laisse \u00e0 vif !<\/p>\n<p><em>Pur, brut et sans fioriture, D\u2019avoir trop trinqu\u00e9 ma vie s\u2019est arr\u00eat\u00e9e est passionnant, d\u00e9routant, bouleversant, d\u00e9rangeant et troublant. Un livre \u00e0 traduire dans toutes les langues o\u00f9 l\u2019on boit !<\/em><\/p>\n","protected":false},"excerpt":{"rendered":"<p>Coups du sort, coups dans le coeur, coups dans le corps ! Vous savez quand \u00e7a commence, pas quand \u00e7a s\u2019arr\u00eate. Cette lecture laissera des traces ind\u00e9l\u00e9biles ! \u00c7a, on peut dire qu&rsquo;il est g\u00e2t\u00e9 Baptiste! Une g\u00e9mellit\u00e9 parfois encombrante\u2026 Un milieu social codifi\u00e9\u2026 Un avenir tout trac\u00e9 pas d\u00e9sir\u00e9\u2026 Un arrachement \u00e0 son enfance [&hellip;]<\/p>\n","protected":false},"author":1,"featured_media":0,"parent":117,"menu_order":0,"comment_status":"closed","ping_status":"closed","template":"page-templates\/full-width.php","meta":[],"yoast_head":"<!-- This site is optimized with the Yoast SEO plugin v19.14 - https:\/\/yoast.com\/wordpress\/plugins\/seo\/ -->\n<title>LA 4\u00e8me DE COUV - D&#039;avoir trop trinqu\u00e9 ma vie s&#039;est arr\u00eat\u00e9e - Baptiste Mulliez &amp; Judith Lossmann<\/title>\n<meta name=\"robots\" content=\"index, follow, max-snippet:-1, max-image-preview:large, max-video-preview:-1\" \/>\n<link rel=\"canonical\" href=\"https:\/\/d-avoir-trop-trinque-ma-vie-s-est-arretee.com\/index.php\/front-page\/la-4-de-couv\/\" \/>\n<meta property=\"og:locale\" content=\"fr_FR\" \/>\n<meta property=\"og:type\" content=\"article\" \/>\n<meta property=\"og:title\" content=\"LA 4\u00e8me DE COUV - D&#039;avoir trop trinqu\u00e9 ma vie s&#039;est arr\u00eat\u00e9e - Baptiste Mulliez &amp; Judith Lossmann\" \/>\n<meta property=\"og:description\" content=\"Coups du sort, coups dans le coeur, coups dans le corps ! Vous savez quand \u00e7a commence, pas quand \u00e7a s\u2019arr\u00eate. Cette lecture laissera des traces ind\u00e9l\u00e9biles ! \u00c7a, on peut dire qu&rsquo;il est g\u00e2t\u00e9 Baptiste! Une g\u00e9mellit\u00e9 parfois encombrante\u2026 Un milieu social codifi\u00e9\u2026 Un avenir tout trac\u00e9 pas d\u00e9sir\u00e9\u2026 Un arrachement \u00e0 son enfance [&hellip;]\" \/>\n<meta property=\"og:url\" content=\"https:\/\/d-avoir-trop-trinque-ma-vie-s-est-arretee.com\/index.php\/front-page\/la-4-de-couv\/\" \/>\n<meta property=\"og:site_name\" content=\"D&#039;avoir trop trinqu\u00e9 ma vie s&#039;est arr\u00eat\u00e9e - Baptiste Mulliez &amp; Judith Lossmann\" \/>\n<meta property=\"article:modified_time\" content=\"2021-09-02T09:06:20+00:00\" \/>\n<meta property=\"og:image\" content=\"http:\/\/d-avoir-trop-trinque-ma-vie-s-est-arretee.com\/wp-content\/uploads\/2020\/10\/couv-d-avoirhd-694x1024.jpg\" \/>\n<meta name=\"twitter:card\" content=\"summary_large_image\" \/>\n<meta name=\"twitter:label1\" content=\"Dur\u00e9e de lecture estim\u00e9e\" \/>\n\t<meta name=\"twitter:data1\" content=\"1 minute\" \/>\n<script type=\"application\/ld+json\" class=\"yoast-schema-graph\">{\"@context\":\"https:\/\/schema.org\",\"@graph\":[{\"@type\":\"WebPage\",\"@id\":\"https:\/\/d-avoir-trop-trinque-ma-vie-s-est-arretee.com\/index.php\/front-page\/la-4-de-couv\/\",\"url\":\"https:\/\/d-avoir-trop-trinque-ma-vie-s-est-arretee.com\/index.php\/front-page\/la-4-de-couv\/\",\"name\":\"LA 4\u00e8me DE COUV - D&#039;avoir trop trinqu\u00e9 ma vie s&#039;est arr\u00eat\u00e9e - Baptiste Mulliez &amp; Judith Lossmann\",\"isPartOf\":{\"@id\":\"https:\/\/d-avoir-trop-trinque-ma-vie-s-est-arretee.com\/#website\"},\"datePublished\":\"2020-10-27T16:09:25+00:00\",\"dateModified\":\"2021-09-02T09:06:20+00:00\",\"breadcrumb\":{\"@id\":\"https:\/\/d-avoir-trop-trinque-ma-vie-s-est-arretee.com\/index.php\/front-page\/la-4-de-couv\/#breadcrumb\"},\"inLanguage\":\"fr-FR\",\"potentialAction\":[{\"@type\":\"ReadAction\",\"target\":[\"https:\/\/d-avoir-trop-trinque-ma-vie-s-est-arretee.com\/index.php\/front-page\/la-4-de-couv\/\"]}]},{\"@type\":\"BreadcrumbList\",\"@id\":\"https:\/\/d-avoir-trop-trinque-ma-vie-s-est-arretee.com\/index.php\/front-page\/la-4-de-couv\/#breadcrumb\",\"itemListElement\":[{\"@type\":\"ListItem\",\"position\":1,\"name\":\"Accueil\",\"item\":\"https:\/\/d-avoir-trop-trinque-ma-vie-s-est-arretee.com\/\"},{\"@type\":\"ListItem\",\"position\":2,\"name\":\"Front Page\",\"item\":\"https:\/\/d-avoir-trop-trinque-ma-vie-s-est-arretee.com\/index.php\/front-page\/\"},{\"@type\":\"ListItem\",\"position\":3,\"name\":\"LA 4\u00e8me DE COUV\"}]},{\"@type\":\"WebSite\",\"@id\":\"https:\/\/d-avoir-trop-trinque-ma-vie-s-est-arretee.com\/#website\",\"url\":\"https:\/\/d-avoir-trop-trinque-ma-vie-s-est-arretee.com\/\",\"name\":\"D&#039;avoir trop trinqu\u00e9 ma vie s&#039;est arr\u00eat\u00e9e - Baptiste Mulliez &amp; Judith Lossmann\",\"description\":\"\",\"potentialAction\":[{\"@type\":\"SearchAction\",\"target\":{\"@type\":\"EntryPoint\",\"urlTemplate\":\"https:\/\/d-avoir-trop-trinque-ma-vie-s-est-arretee.com\/?s={search_term_string}\"},\"query-input\":\"required name=search_term_string\"}],\"inLanguage\":\"fr-FR\"}]}<\/script>\n<!-- \/ Yoast SEO plugin. -->","yoast_head_json":{"title":"LA 4\u00e8me DE COUV - D&#039;avoir trop trinqu\u00e9 ma vie s&#039;est arr\u00eat\u00e9e - Baptiste Mulliez &amp; Judith Lossmann","robots":{"index":"index","follow":"follow","max-snippet":"max-snippet:-1","max-image-preview":"max-image-preview:large","max-video-preview":"max-video-preview:-1"},"canonical":"https:\/\/d-avoir-trop-trinque-ma-vie-s-est-arretee.com\/index.php\/front-page\/la-4-de-couv\/","og_locale":"fr_FR","og_type":"article","og_title":"LA 4\u00e8me DE COUV - D&#039;avoir trop trinqu\u00e9 ma vie s&#039;est arr\u00eat\u00e9e - Baptiste Mulliez &amp; Judith Lossmann","og_description":"Coups du sort, coups dans le coeur, coups dans le corps ! Vous savez quand \u00e7a commence, pas quand \u00e7a s\u2019arr\u00eate. Cette lecture laissera des traces ind\u00e9l\u00e9biles ! \u00c7a, on peut dire qu&rsquo;il est g\u00e2t\u00e9 Baptiste! Une g\u00e9mellit\u00e9 parfois encombrante\u2026 Un milieu social codifi\u00e9\u2026 Un avenir tout trac\u00e9 pas d\u00e9sir\u00e9\u2026 Un arrachement \u00e0 son enfance [&hellip;]","og_url":"https:\/\/d-avoir-trop-trinque-ma-vie-s-est-arretee.com\/index.php\/front-page\/la-4-de-couv\/","og_site_name":"D&#039;avoir trop trinqu\u00e9 ma vie s&#039;est arr\u00eat\u00e9e - Baptiste Mulliez &amp; Judith Lossmann","article_modified_time":"2021-09-02T09:06:20+00:00","og_image":[{"url":"http:\/\/d-avoir-trop-trinque-ma-vie-s-est-arretee.com\/wp-content\/uploads\/2020\/10\/couv-d-avoirhd-694x1024.jpg"}],"twitter_card":"summary_large_image","twitter_misc":{"Dur\u00e9e de lecture estim\u00e9e":"1 minute"},"schema":{"@context":"https:\/\/schema.org","@graph":[{"@type":"WebPage","@id":"https:\/\/d-avoir-trop-trinque-ma-vie-s-est-arretee.com\/index.php\/front-page\/la-4-de-couv\/","url":"https:\/\/d-avoir-trop-trinque-ma-vie-s-est-arretee.com\/index.php\/front-page\/la-4-de-couv\/","name":"LA 4\u00e8me DE COUV - D&#039;avoir trop trinqu\u00e9 ma vie s&#039;est arr\u00eat\u00e9e - Baptiste Mulliez &amp; Judith Lossmann","isPartOf":{"@id":"https:\/\/d-avoir-trop-trinque-ma-vie-s-est-arretee.com\/#website"},"datePublished":"2020-10-27T16:09:25+00:00","dateModified":"2021-09-02T09:06:20+00:00","breadcrumb":{"@id":"https:\/\/d-avoir-trop-trinque-ma-vie-s-est-arretee.com\/index.php\/front-page\/la-4-de-couv\/#breadcrumb"},"inLanguage":"fr-FR","potentialAction":[{"@type":"ReadAction","target":["https:\/\/d-avoir-trop-trinque-ma-vie-s-est-arretee.com\/index.php\/front-page\/la-4-de-couv\/"]}]},{"@type":"BreadcrumbList","@id":"https:\/\/d-avoir-trop-trinque-ma-vie-s-est-arretee.com\/index.php\/front-page\/la-4-de-couv\/#breadcrumb","itemListElement":[{"@type":"ListItem","position":1,"name":"Accueil","item":"https:\/\/d-avoir-trop-trinque-ma-vie-s-est-arretee.com\/"},{"@type":"ListItem","position":2,"name":"Front Page","item":"https:\/\/d-avoir-trop-trinque-ma-vie-s-est-arretee.com\/index.php\/front-page\/"},{"@type":"ListItem","position":3,"name":"LA 4\u00e8me DE COUV"}]},{"@type":"WebSite","@id":"https:\/\/d-avoir-trop-trinque-ma-vie-s-est-arretee.com\/#website","url":"https:\/\/d-avoir-trop-trinque-ma-vie-s-est-arretee.com\/","name":"D&#039;avoir trop trinqu\u00e9 ma vie s&#039;est arr\u00eat\u00e9e - Baptiste Mulliez &amp; Judith Lossmann","description":"","potentialAction":[{"@type":"SearchAction","target":{"@type":"EntryPoint","urlTemplate":"https:\/\/d-avoir-trop-trinque-ma-vie-s-est-arretee.com\/?s={search_term_string}"},"query-input":"required name=search_term_string"}],"inLanguage":"fr-FR"}]}},"_links":{"self":[{"href":"https:\/\/d-avoir-trop-trinque-ma-vie-s-est-arretee.com\/index.php\/wp-json\/wp\/v2\/pages\/179"}],"collection":[{"href":"https:\/\/d-avoir-trop-trinque-ma-vie-s-est-arretee.com\/index.php\/wp-json\/wp\/v2\/pages"}],"about":[{"href":"https:\/\/d-avoir-trop-trinque-ma-vie-s-est-arretee.com\/index.php\/wp-json\/wp\/v2\/types\/page"}],"author":[{"embeddable":true,"href":"https:\/\/d-avoir-trop-trinque-ma-vie-s-est-arretee.com\/index.php\/wp-json\/wp\/v2\/users\/1"}],"replies":[{"embeddable":true,"href":"https:\/\/d-avoir-trop-trinque-ma-vie-s-est-arretee.com\/index.php\/wp-json\/wp\/v2\/comments?post=179"}],"version-history":[{"count":9,"href":"https:\/\/d-avoir-trop-trinque-ma-vie-s-est-arretee.com\/index.php\/wp-json\/wp\/v2\/pages\/179\/revisions"}],"predecessor-version":[{"id":226,"href":"https:\/\/d-avoir-trop-trinque-ma-vie-s-est-arretee.com\/index.php\/wp-json\/wp\/v2\/pages\/179\/revisions\/226"}],"up":[{"embeddable":true,"href":"https:\/\/d-avoir-trop-trinque-ma-vie-s-est-arretee.com\/index.php\/wp-json\/wp\/v2\/pages\/117"}],"wp:attachment":[{"href":"https:\/\/d-avoir-trop-trinque-ma-vie-s-est-arretee.com\/index.php\/wp-json\/wp\/v2\/media?parent=179"}],"curies":[{"name":"wp","href":"https:\/\/api.w.org\/{rel}","templated":true}]}}